{"id":45,"date":"2025-10-09T05:20:46","date_gmt":"2025-10-09T05:20:46","guid":{"rendered":"https:\/\/gruas-queretaro.com\/gruas-24hrs\/home\/"},"modified":"2025-10-09T06:20:57","modified_gmt":"2025-10-09T06:20:57","slug":"home","status":"publish","type":"page","link":"https:\/\/gruas-queretaro.com\/gruas-24hrs\/","title":{"rendered":"Home"},"content":{"rendered":"\n\n\n\n\n<p><span style=\"color: rgb(255, 255, 255); line-height: 1.6;\">Cont\u00e1ctanos, nuestro equipo te atender\u00e1 los 365 d\u00edas del a\u00f1o<\/span><\/p>\n<p><span style=\"color: rgb(255, 255, 255); line-height: 1.6;\">Podemos trasladar tu auto de forma local o for\u00e1nea<\/span><\/p>\n<p><span style=\"color: rgb(255, 255, 255); line-height: 1.6;\">Programa el traslado de tu auto.<\/span><\/p>\n<p><span style=\"color: rgb(255, 255, 255); line-height: 1.6;\">Nuestro personal est\u00e1 altamente calificado y cuidara tu veh\u00edculo en cada servicio<\/span><\/p>\n\n\n\n\n\n<h2>GR\u00daAS QUER\u00c9TARO | TU MEJOR OPCI\u00d3N <\/h2>\n<h5>Transportamos veh\u00edculos a largas distancias a talleres de reparaci\u00f3n o al lugar que lo requieres. Utilizamos unidades especializadas operadas por profesionales capacitados. Nuestros servicios est\u00e1n disponibles para cualquier emergencia las 24 horas del d\u00eda, los 7 d\u00edas de la semana.<\/h2>\n\n\n\n\n<p><span style=\"color: rgb(38, 38, 38);\"><span style=\"line-height: 1.6;\"><\/span><span style=\"font-size: 14px;\">Contamos con equipo para poder ayudarte en cualquier situaci\u00f3n vial en que te encuentres.<\/span><\/span><\/p>\n\n\n<p><span style=\"color: rgb(38, 38, 38);\"><span style=\"line-height: 1.6;\"><\/span><span style=\"font-size: 14px;\">\u00bfNecesitas trasladar equipo semipesado? Ll\u00e1manos contamos con unidades para ayudarte.<\/span><\/span><\/p>\n\n\n<p><span style=\"color: rgb(38, 38, 38);\"><span style=\"line-height: 1.6;\"><\/span><span style=\"font-size: 14px;\">Te podemos ayudar en el traslados de tus unidades, contamos con servicio de traslado de autos local y for\u00e1neo..<\/span><\/span><\/p>\n\n\n\n\n\n\n\n\n\n\n\n\n\n\n\n\n\n\n\n\n\n\n<h2>SOMOS EL MEJOR PROVEEDOR DE ASISTENCIA VIAL EN QUER\u00c9TARO<\/h2>\n<h5>Proporcionamos una soluci\u00f3n confiable a problemas de transporte y ayuda a los conductores a volver a la carretera lo m\u00e1s r\u00e1pido posible.&nbsp;<\/h5>\n\nAsistencia vial 24\/7\nTraslado de autos sin Rodar Local y For\u00e1neo\nManiobras Especiales | Unidades Equipo Semipesado\n\n\n\n\n\n\n\n\n\n\n","protected":false},"excerpt":{"rendered":"","protected":false},"author":1,"featured_media":0,"parent":0,"menu_order":0,"comment_status":"closed","ping_status":"closed","template":"","meta":{"pagelayer_contact_templates":[],"_pagelayer_content":"","footnotes":""},"class_list":["post-45","page","type-page","status-publish","hentry"],"_links":{"self":[{"href":"https:\/\/gruas-queretaro.com\/gruas-24hrs\/wp-json\/wp\/v2\/pages\/45","targetHints":{"allow":["GET"]}}],"collection":[{"href":"https:\/\/gruas-queretaro.com\/gruas-24hrs\/wp-json\/wp\/v2\/pages"}],"about":[{"href":"https:\/\/gruas-queretaro.com\/gruas-24hrs\/wp-json\/wp\/v2\/types\/page"}],"author":[{"embeddable":true,"href":"https:\/\/gruas-queretaro.com\/gruas-24hrs\/wp-json\/wp\/v2\/users\/1"}],"replies":[{"embeddable":true,"href":"https:\/\/gruas-queretaro.com\/gruas-24hrs\/wp-json\/wp\/v2\/comments?post=45"}],"version-history":[{"count":2,"href":"https:\/\/gruas-queretaro.com\/gruas-24hrs\/wp-json\/wp\/v2\/pages\/45\/revisions"}],"predecessor-version":[{"id":78,"href":"https:\/\/gruas-queretaro.com\/gruas-24hrs\/wp-json\/wp\/v2\/pages\/45\/revisions\/78"}],"wp:attachment":[{"href":"https:\/\/gruas-queretaro.com\/gruas-24hrs\/wp-json\/wp\/v2\/media?parent=45"}],"curies":[{"name":"wp","href":"https:\/\/api.w.org\/{rel}","templated":true}]}}